= -5992 + 9013. What is the thousands digit of w?
3
Let u be (-3 - 0) + -3 + 9. Let m(v) = -2*v + 3. Let i be m(u). Let r(h) = h**3 + 3*h**2 - 3*h + 3. What is the units digit of r(i)?
2
Suppose 0*c - 4*n = -3*c + 1287, -2*c - n = -847. What is the tens digit of c?
2
Let m(z) = z**3 - 9*z**2 - 10*z. Let v be m(10). Suppose -8*w + 44 = -7*w. Suppose v = 5*a - w - 61. What is the tens digit of a?
2
Suppose -7*n + 14492 - 4965 = 0. What is the tens digit of n?
6
Suppose -a - 2*z = z - 52, 3*a - 86 = 5*z. Let x(c) = c**3 + 7*c**2 + 10*c + 8. Let u be x(-6). Let b = u + a. What is the tens digit of b?
2
Suppose 0 = -27*j + 33*j - 10290. What is the tens digit of j?
1
Suppose -3*h - 2*q = h - 1496, 0 = 5*h + q - 1870. What is the hundreds digit of h?
3
Let c = -3 + 9. What is the units digit of 16*c - (8 + -5)?
3
Suppose -5*n - 3*c = -8268, -n - 2*n - c + 4964 = 0. What is the thousands digit of n?
1
Suppose 0 = -2*o + 2*x + 3794, 0 = 2*o - 9*x + 12*x - 3814. What is the units digit of o?
1
Let r = 3447 - -309. What is the hundreds digit of r?
7
Suppose -7*q = n - 4*q - 544, q + 1081 = 2*n. What is the tens digit of n?
4
Suppose 6 = -5*m + 2*m. What is the units digit of 1 - (m - -2) - -21?
2
Let y = -957 + 1137. What is the units digit of y?
0
Let f = 2007 + -965. What is the hundreds digit of f?
0
Let f(a) = -15*a - 12. Suppose -11*k = -7*k + 16. What is the tens digit of f(k)?
4
Suppose -6*n + 2379 = -3315. What is the tens digit of n?
4
Let f be (-2)/4 - (-1224)/(-16). Let w be 3/(-15) + f/(-35). Suppose u + 25 = w*u. What is the tens digit of u?
2
Suppose -6*p - 5*p = 429. Let d be (-11 - 1)*19/3. Let z = p - d. What is the tens digit of z?
3
Let m(g) = g**3 + 7*g**2 + g - 2. Let h be m(-7). Let s = 22 + h. Let k(o) = -o**2 + 15*o - 8. What is the units digit of k(s)?
8
Suppose 0 = -u - u + 52. Let y be 24*(-1 - u/(-8)). Suppose -5*n - y + 164 = 0. What is the tens digit of n?
2
Let r(n) = 11*n**2 - 3*n + 50. What is the hundreds digit of r(6)?
4
Let s(l) = l**3 + l**2 + l + 44. Suppose 3*z - z = 0. Let b be s(z). Suppose -g + 5*g - b = 0. What is the tens digit of g?
1
Let w(h) = 245*h - 319. What is the tens digit of w(22)?
7
Suppose o + 11*o - 3108 = 0. What is the units digit of o?
9
Suppose -4164 = -6*y - 528. What is the units digit of y?
6
Let c be (-7 + 2 + 4)*-33. Suppose -2*s - c + 385 = 0. What is the tens digit of s?
7
Let a be 13/(3 + (-62)/21). Suppose 5*c - a = 4*p + 106, -c + 70 = 5*p. What is the units digit of c?
5
Suppose 5 - 35 = -3*y + 5*x, -3*x = -y + 14. Let k(c) = 38*c**2 + 1. Let t be k(2). Suppose y*g = 162 + t. What is the tens digit of g?
6
What is the tens digit of -4 + (-112)/(-24) + 52/3?
1
Let j = -35 + -2. Let h = j + 90. Suppose 3*m - h = 46. What is the tens digit of m?
3
Suppose 4*d + 10*p - 6*p = 1084, -2*d = 3*p - 541. What is the tens digit of d?
7
Let z(g) = 3*g - 2. Let q be z(2). Suppose q*n = -60 + 408. What is the units digit of n?
7
Let y(f) = -26*f + 380. What is the units digit of y(-51)?
6
Suppose -40*y - 6424 = -38024. What is the units digit of y?
0
Let w(s) be the third derivative of -s**4/24 + 3*s**3/2 + 5*s**2. Let l be w(9). Suppose l = -2*x + 1 + 39. What is the tens digit of x?
2
Suppose 35 = 5*n + 5*c, -3*c = 5*n - 0*c - 25. Suppose 5*l = 28 - 3. Suppose 18 = l*j - n*j. What is the units digit of j?
6
Suppose -719 = -3*i + 586. What is the units digit of i?
5
What is the hundreds digit of ((-376)/(-5))/((-2)/60*-12)?
1
Let r = -1081 + 1546. What is the hundreds digit of r?
4
Suppose 3*a + 0*a + x = 11, 3*a - 35 = 5*x. Suppose -10*i + 10 = -a*i. Suppose -8*y = -3*y + i*r - 147, y + 4*r - 33 = 0. What is the units digit of y?
9
Let l(q) = q**2 - q + 3. Let v = 3 + 9. Suppose 0 = -4*g + 4*z, 2*z - v + 2 = 0. What is the units digit of l(g)?
3
Let w(z) = 2*z**3 - 15*z**2 + 5*z + 3. Let t be w(7). Let s(d) = -d**3 - 7*d**2 + 20*d + 4. What is the units digit of s(t)?
8
Let w(a) = -4*a. Let v be w(-11). What is the tens digit of v/11 + 7*7?
5
Let q be 1 - 0 - (-25)/5. Let d be (4/q)/(6/153). Let c = d + -4. What is the tens digit of c?
1
Let d be (-550)/(-42) + (-2)/21. Let s(n) = 4*n. Let q be s(-4). Let t = d - q. What is the units digit of t?
9
Suppose -5*h + 263 = -207. Let c = -55 + h. What is the tens digit of c?
3
Let j = -24 - 5. Let w = 32 + j. What is the units digit of w?
3
Let a be (76240/(-28))/4 + 6/(-21). Let h = -361 - a. What is the tens digit of h?
2
Suppose -51*h - 27 = -60*h. Suppose 312 = h*o - 192. What is the tens digit of o?
6
Let w(o) = o**2 + 5*o - 7. Let h be w(-7). Let n(l) = l**3 + 2*l**2 + 2*l + 1. Let t be n(5). Suppose t = h*f - f. What is the tens digit of f?
3
Let g be ((-6)/5)/(24/60). Let p(o) = -14*o + 4. What is the tens digit of p(g)?
4
Let d be ((-806)/8)/((-6)/24). Suppose -6*n + 269 = -d. What is the hundreds digit of n?
1
Suppose -9 = -2*k + 1, 2*y + 2*k - 7194 = 0. What is the thousands digit of y?
3
Let n(a) = -19*a**2 - 13*a. Let j be n(3). Let z = j - -364. What is the units digit of z?
4
Suppose 16 - 11 = -5*m. Let b(z) = -21*z. What is the units digit of b(m)?
1
Let i(q) = -q**2 + 6*q - 7. Let m be i(4). Let f(j) = 102*j**3. What is the units digit of f(m)?
2
Let s(f) = 2*f**2 - 15*f + 40. What is the units digit of s(7)?
3
Suppose -4*j + 1559 = 3*c, -c + 2*j = -3*c + 1042. What is the hundreds digit of c?
5
Let j be (-3)/(-7) + 39650/175. Let n = -149 + j. What is the tens digit of n?
7
Suppose 9*b - 21275 = -14*b. What is the tens digit of b?
2
Let j = 797 - 462. What is the units digit of j?
5
Suppose -2*x - 4*g + 510 = 0, 65*x - 63*x - 513 = -g. What is the units digit of x?
7
Let k = -1871 - -3426. What is the thousands digit of k?
1
Suppose -103*a + 91*a = -288. What is the units digit of a?
4
Let x(o) = -6 + 13 + 2 - 4 - 28*o. What is the tens digit of x(-1)?
3
Let w = 680 + -225. What is the hundreds digit of w?
4
Let m(p) = 2*p**3 - 2*p**2 - 9*p + 44. What is the tens digit of m(7)?
6
Let f(w) = -184*w**3. Let p be f(1). Let a = -95 - p. What is the units digit of a?
9
Suppose 6*k - 3*k - 3683 = -4*c, 3*c = -5*k + 2765. What is the hundreds digit of c?
9
Suppose -c = -z - 822, -2030 = -2*c - 3*z - 406. What is the hundreds digit of c?
8
Suppose -y + 5*y = 68. Let o = -17 + y. Suppose o = 6*l + 29 - 155. What is the tens digit of l?
2
Suppose 6*l = -18 + 60. Suppose 0 = -t + l*t - 252. What is the tens digit of t?
4
Let c be (-2225)/(-30) - (-1)/(-6). Let g = -30 + c. Let j = 62 - g. What is the tens digit of j?
1
Suppose m - 468 = -75. Let i = -168 + m. What is the units digit of i?
5
What is the tens digit of (-5 - (-5 - 32))*3?
9
Let p(z) be the first derivative of -z**4/4 + 7*z**3/3 + 4*z - 20. Suppose 0*a + 3*a = 21. What is the units digit of p(a)?
4
Let h(f) = 3*f + 8. Let m be h(-6). Let g = -11 - m. Let d(p) = -23*p - 1. What is the tens digit of d(g)?
2
Let t(k) = 0 + 1 + k + 3. Let j be t(-8). Let z = j - -6. What is the units digit of z?
2
Let m = 18 + -3. What is the tens digit of m/(-2)*(-136)/51?
2
Let g = -33 + 14. Let x = 72 + g. What is the units digit of x?
3
Let h(i) = -6*i - 30. Let c be h(23). What is the units digit of (-4)/(-22) - c/44?
4
Let y(u) = -10 + 14 + 6*u + 5*u + 18. What is the units digit of y(10)?
2
Let k(t) be the first derivative of t**3 + 2*t**2 + t + 7. What is the units digit of k(3)?
0
Let b(m) = 546*m**3 - m**2 + m - 1. What is the hundreds digit of b(1)?
5
Suppose 4*g = -5*f + f + 1272, 3*g = 4*f + 989. What is the hundreds digit of g?
3
Let f = 302 - 31. What is the hundreds digit of f?
2
Let q be 235/(-4) - (-13)/(-52). Let d = q - -131. What is the tens digit of d?
7
Let r = -37 + 28. What is the units digit of (r/6)/((-3)/4) - -61?
3
Suppose 0 = -4*a + 4*w + 232, 5*a = 2*w + 96 + 188. Suppose -7*x - x + a = 0. What is the units digit of x?
7
Suppose 0 = 38*d - 29*d - 11934. Suppose d = 4*y + 358. What is the hundreds digit of y?
2
Suppose j + 2 = 4. What is the tens digit of 101/3 + j/6?
3
Let h(r) = -549*r + 9. Let j be h(-4). Suppose 3*y + j = 549. What is the tens digit of (2/(-8))/(6/y)?
2
Suppose -5*p + 69 = -86. Suppose 5*g + 16 = p. Suppose 2*z + g*a - 26 = 0, -z - 3*a = -9 - 1. What is the tens digit of z?
1
Let h = 44 + -24. Let q = 105 + h. What is the units digit of q?
5
Let 